ppose -3*p = 12 - 27. Calculate c(p).
9
Let k(s) = 2*s - 2. Let b(i) = 5*i - 6. Let w(q) = b(q) - 3*k(q). Let t(m) = m**2 - 2*m - 9. Let g be t(5). What is w(g)?
-6
Suppose 5*h = -c - 13, 4*c - 15*h + 14*h - 11 = 0. Let g(q) = -506*q**2 + 1517*q**2 - 502*q**2 - 2*q - 502*q**c. What is g(2)?
24
Let z be 18/27*-12 - -35. Let m(c) = -9*c - z*c + 4 + 33*c. Give m(4).
-8
Suppose 80 = 11*a + 47. Let f be (a/2)/((-48)/64). Let j(w) = 12*w + 1. Calculate j(f).
-23
Let a be (70/15)/(-2) - (-2)/6. Let u(p) = 11*p**2 - 34*p + 20. Let g(r) = 4*r**2 - 12*r + 7. Let q(s) = 17*g(s) - 6*u(s). Calculate q(a).
7
Let o be (-182 - -187)*(-11)/(-5). Let c(x) = -x - 23. What is c(o)?
-34
Suppose 350 = -4*i - 3*i. Let v = -49 - i. Let k(a) = 15*a - 1 - 2 + 2. What is k(v)?
14
Let b(h) = -h**3 - 4*h**2 - 3*h + 2. Let z = 27 + -39. Let o = 60 + z. Let l = 45 - o. Determine b(l).
2
Let z(y) = 5*y + 6. Suppose 17*l = 16*l + 38. Suppose 3*a - 4*g - l = 0, g = -3*a + 8*a - 35. Suppose a*i - 3 = -27. Give z(i).
-14
Let n(f) = -f - 3. Let x(h) = -h**3 - 13*h**2 + 8*h + 9. Let k be x(-14). Let a = 102 - k. Give n(a).
-12
Let i(z) be the first derivative of -8*z**3/3 + z**2/2 - 4*z + 1646. Give i(2).
-34
Let w = -170 + 268. Let y(x) = -2*x - 58 + 3*x + w. Calculate y(0).
40
Suppose 52 = -2*g - 2*a, 3*g + 2*a + 23 = 2*g. Let p = 28 + g. Let v(d) = -d**2 + d - 1. Let s(q) = 5*q**2 - 3*q + 1. Let w(y) = p*s(y) - 4*v(y). Give w(-4).
-9
Let j(z) = -z - 1. Let i(n) = -1. Let p(d) = -4*i(d) + 3*j(d). Suppose 2*f - 5 - 1 = 0, -3*s + 5*f = 0. Calculate p(s).
-14
Let h(s) = 14*s**2 + 6*s - 3. Let m(t) = 33*t**2 + 12*t - 7. Let f(v) = 7*h(v) - 3*m(v). Let u be (3 - (2 - 2)) + 2. Give f(u).
5
Let j(z) = -70*z**2 + 6*z**2 - 71*z**2 - 16 + 134*z**2 - 17*z - z. Give j(-11).
61
Let f = 146 + -136. Let n(g) = g**2 - 12*g + 17. Let k be n(f). Let d(q) = -q - 1. Let t(x) = 4*x - 7. Let b(j) = -4*d(j) + t(j). Give b(k).
-27
Let b(x) = x**2 - 12*x + 33. Let k(s) = -s**2 + 22*s - 80. Let a(l) = 5*b(l) + 2*k(l). Give a(4).
-11
Suppose 3*b = 19 + 14. Suppose 0 = 16*y - b*y - 10. Let q(f) = y*f**2 - 2*f + 6 + 10*f - f**2 + 0*f**2. Give q(-6).
-6
Let w be (-6)/(-9) - (-51)/(-9). Let y(p) = -3 - 2 + 2*p - 3*p. Determine y(w).
0
Let g(o) = 4*o**2 + 3*o + 6 + 1 - 5 - o. Let y = 83 - 104. Let u(z) = -3*z - 65. Let k be u(y). What is g(k)?
14
Let k(s) be the first derivative of -s**7/105 + s**6/360 - s**4/24 - 94*s**3/3 - 122. Let f(w) be the third derivative of k(w). Calculate f(1).
-8
Let s(g) = 115 - 48*g - 7*g - 41 - 23*g + 7*g. Calculate s(1).
3
Suppose -15 = 5*r, 4*r + 14 = 175*q - 177*q. Let m(n) = -13*n**3 - n**2 - 2*n - 1. What is m(q)?
13
Let b(p) = -p**2 - 7*p + 4. Suppose 0 = -5*g - n + 6, -4*g + 14 = -g - 2*n. Suppose g = 4*o + 5*m + 34, 5*m = 0. Calculate b(o).
-4
Let b = -372 - -390. Let g(k) = -2*k - b + 1 + 5. Give g(-9).
6
Let c(y) = 118*y**2 - 348*y - 40. Let o be c(3). Let j(m) = m**2 + 18*m - 49. Calculate j(o).
39
Let q(a) be the third derivative of a**6/120 + 3*a**5/20 + a**4/4 - a**3 - 13*a**2 - 12. Let h(t) = -t**3 + 4*t**2 + 4*t - 3. Let k be h(5). Give q(k).
10
Let v = 13288 - 13289. Let p(d) = 63*d + 60. What is p(v)?
-3
Suppose 4*x - 25 = 23*c - 20*c, 4*x = 4. Let r(b) = 13*b + 12. Calculate r(c).
-79
Let g = -17879 - -17892. Let k(n) = -n + 4. Give k(g).
-9
Suppose 0 = -275*f + 6*f - 61*f + 1980. Let a(p) be the first derivative of -p**4/4 + 2*p**3 + p**2/2 - 5*p - 1. What is a(f)?
1
Suppose -5*v = 86 + 204. Let k = v + 96. Let a = -36 + k. Let r(i) = -i**3 - i**2 + 2*i - 1. What is r(a)?
-9
Let n(z) = z**2 + 8*z - 21. Let i(f) = -f**3 - 53*f**2 + 353*f - 68. Let w be i(-59). Calculate n(w).
-12
Suppose 3*r = u + 4*r + 5, 4*u + r = -5. Let d(f) = -9*f - 22*f - 9 + 29*f + 0. What is d(u)?
-9
Let i(f) = -f**3 + 7*f**2 - 7*f + 1. Let y be i(6). Let g(w) = 4*w**2 + 2*w + 130. Let z(b) = -5*b**2 - 4*b - 157. Let t(h) = -6*g(h) - 5*z(h). Give t(y).
-10
Let v(q) = -q**3 + 10*q**2 + 14*q - 27. Let x be ((-67782)/52)/(6/(-4)). Let i = 880 - x. Determine v(i).
6
Let a(r) = -3*r**2 - 137*r + 14 + 354*r - 188*r. What is a(10)?
4
Let l(p) = 5*p + 1. Suppose 52*i = 48*i - 1276. Let a = 217 + i. Let g = 104 + a. What is l(g)?
11
Let p = -24087 + 24118. Let g(q) = -q**2 + 28*q + 66. Determine g(p).
-27
Let j be 10/2 + -1*1. Suppose 0 = -2*k - 10, 2*x + 9*k - 11 = 10*k. Let v(l) = -9 + 5*l + 11 - l**3 - 5*l**2 + 2*l**x. What is v(j)?
6
Suppose 2*k + 71 = l, -5*l + 0*k = 4*k - 341. Let i(c) = -68*c**2 - l*c**2 + 204*c**2 - 5*c + 1 - 65*c**2. Give i(4).
13
Let v(y) be the second derivative of y**6/360 - y**5/40 - 3*y**3 - y**2/2 + 38*y. Let q(k) be the second derivative of v(k). Calculate q(5).
10
Let x(p) = -22*p + 3 + 13*p + 8*p. Let l be -1*-33*(-21)/9. Let h = 81 + l. What is x(h)?
-1
Let k(z) = -z**2 - 3*z + 3. Let r = -1090 + 1097. Let p(x) = -x**2 - 5*x - 3. Let w be p(-3). Suppose 0 = -8*a + r*a - w. What is k(a)?
3
Let c(x) = x**3 - 4*x**2 + 4*x. Let l(v) = 11*v - 3*v - 9*v + 86 - 6*v. Let s be l(12). Give c(s).
0
Let b(r) = 2 + 4*r - 3*r - 3*r - 2*r. Let u = 18812 - 18815. Determine b(u).
14
Let u(g) = 2*g**3 + g**2 - 19*g - 9. Let m be u(-8). Let f = -823 - m. Let t(y) = -2*y**3 - 13*y**2 - 7*y - 5. Calculate t(f).
1
Let j(o) = 2*o - 3. Let b = -248 + 502. Suppose -b = 8*x + 186. Let d = -50 - x. Determine j(d).
7
Suppose 9 = -3*f, 2*f - 3*f = -c + 54. Let w be c/68*1*4. Let q(s) = 3 - 4*s + 6*s**3 - s**3 + 2*s**3 - 8*s**w + 5*s**2. Calculate q(4).
3
Let b(h) = 5*h**3. Suppose 3*r + 4*z = -281, -3*z + 441 - 33 = -4*r. Let j be r/12 + 3/12. Let x(v) = v + 9. Let w be x(j). Give b(w).
5
Let q(m) = -2*m**2 + 15*m - 13. Let j(c) = c**2 - 7*c + 6. Let l(w) = -5*j(w) - 3*q(w). Suppose -3*r = 3*h - 9, 74*h + 3*r + 5 = 73*h. What is l(h)?
-12
Let g(q) = q**2 - 5*q - 4. Suppose 4*y - f + 2*f - 4 = 0, -8 = -4*y - 2*f. Suppose -2 = 2*i - y*i, i = 5*r - 36. Give g(r).
10
Let d(w) be the third derivative of -1/120*w**6 + 2/3*w**3 + 0*w + 0 + 106*w**2 - 1/15*w**5 + 1/12*w**4. Give d(-4).
-4
Suppose 13*w + 31 = -21. Let r(y) = y**3 + 4*y**2 + y + 2. Let v be r(w). Let z(m) be the first derivative of -2*m**2 - 3*m - 61. What is z(v)?
5
Let i = -3337 - -3339. Let d(c) = 3*c**3 - 2*c**2 - 2*c - 1. What is d(i)?
11
Let s(r) = -r**3 + 2*r**2 - 3*r + 2. Let d(a) = -14*a + 216. Let w be d(7). Suppose -119 + w = -v. What is s(v)?
0
Let j(i) be the first derivative of 20*i**3/3 + i**2 + i - 554. Determine j(-1).
19
Let i be 18/21 - ((-27)/3 - 3663/(-378)). Let j(q) be the third derivative of 11*q**2 - 5/12*q**4 + 0*q - i*q**3 + 0. What is j(1)?
-11
Let m(q) be the second derivative of -q**4/2 - 43*q**3/6 + 2*q**2 - 128*q. Let i be m(-7). Let u(n) = n**2 - 11*n - 4. Determine u(i).
-4
Let v(m) = -m**2 - 12*m + 15. Let j be (-14 - -13)/((28/7)/40). Give v(j).
35
Let h(b) = -5*b - 6. Suppose 5 + 19 = 5*t + 2*g, 4*t = -5*g + 9. Calculate h(t).
-36
Let i(d) = 44 - 47 - 157149*d + 157153*d. Let h be 2/(-1)*2/1. What is i(h)?
-19
Let y(i) = -13*i + 28*i - 19*i. Let o(f) = -3*f + 16. Let x be o(5). Let a = 0 - x. Determine y(a).
4
Let b(g) = 2*g - 26. Let s = 4602 - 4580. Determine b(s).
18
Suppose 15*v = 14*v - 14. Let o be (1 - 3)/2 + (-11 - v). Let z(m) = 6*m - o*m - 3*m - 7*m**2 + m**3 - 4 + 2. Calculate z(7).
5
Let a(z) = -z**2 + 3*z - 2. Suppose 62*u = 78*u - 2448. Suppose 6 = -53*x - u. What is a(x)?
-20
Let a(y) = -21295*y + 21296*y + 3 - 1. What is a(-13)?
-11
Let g(k) = -k**3 + k**2 + 3*k - 4. Let c = 327 - 306. Suppose 0 = -22*b + c + 45. What is g(b)?
-13
Let r = 6 - 1. Suppose 4*w + 12 = -4*v + 9*v, w - 22 = -r*v. Let n(f) = 15*f + w - 3 - 11*f. Calculate n(1).
3
Let d(x) = 11*x + 167. Let j(a) = 23*a + 373. Let l(h) = 9*d(h) - 4*j(h). What is l(-9)?
-52
Let g(z) = 59*z - 2. Let w(m) = 96*m - 3. Let p(u) = -5*g(u) + 3*w(u). Give p(6).
-41
Suppose 0 = -4*i + 3*u - 5*u + 20, -u = 0. Let o(t) = -2*t**3 + 8*t**2 - 5*t + 6. Determine o(i).
-69
Let b(s) = 14*s - 107. Let y be (-144)/(-27)*((-36)/(-8) - 3). Give b(y).
5
Let o(t) = 9 + t + 0*t - 9. Let h be o(-7). Let c(f) = -f**2 - 10*f - 12. Let r(m) = -2*m**2 - 20*m - 23. Let j(q) = -5*c(q) + 3*r(q). Determine j(h).
12
Let x(f) = f**2 - 6*f - 5. Let l(p) = -p**3 + 19*p**2 + 43*p - 20. Let a be l(21). Let w(c) = 5*c**3 + c**2 + c - 2. Let s be w(a). What